{"id":2835,"date":"2023-01-31T10:39:51","date_gmt":"2023-01-31T15:39:51","guid":{"rendered":"https:\/\/reencauchadoraelsol.com\/?page_id=2835"},"modified":"2024-11-12T11:01:41","modified_gmt":"2024-11-12T16:01:41","slug":"neumaticos-fuera-de-uso","status":"publish","type":"page","link":"https:\/\/reencauchadoraelsol.com\/?page_id=2835","title":{"rendered":"Neum\u00e1ticos Fuera de Uso"},"content":{"rendered":"\n<p><strong>\u00bfQu\u00e9 es un Neum\u00e1tico Fuera de Uso (NFU)?<\/strong><\/p>\n\n\n\n<p>Es aquel neum\u00e1tico del cual su generador (usuario que puede ser persona natural o jur\u00eddica seg\u00fan su actividad) se desprende o tiene la intenci\u00f3n u obligaci\u00f3n de desprenderse por haber llegado al final de su vida \u00fatil.<\/p>\n\n\n\n<p>&nbsp;Los Neum\u00e1ticos Fuera de Uso han sido clasificados en 2 categor\u00edas:<\/p>\n\n\n\n<ul class=\"wp-block-list\">\n<li>Categor\u00eda A: Comprende todas las llantas cuyo tama\u00f1o de aro sea menor a 25\u201d.<\/li>\n\n\n\n<li>Categor\u00eda B: Comprende todas las llantas cuyo tama\u00f1o de aro sea mayor o igual a 25\u201d.<\/li>\n<\/ul>\n\n\n\n<p><strong>\u00bfQu\u00e9 es un bien priorizado?<\/strong><\/p>\n\n\n\n<p>Son bienes de consumo masivo que, por su volumen, inciden significativamente en la generaci\u00f3n de residuos s\u00f3lidos o que por sus caracter\u00edsticas requieren un manejo especial.<\/p>\n\n\n\n<p><strong>\u00bfQu\u00e9 es la responsabilidad extendida del productor?<\/strong><\/p>\n\n\n\n<p>Enfoque por el cual el productor de neum\u00e1ticos tiene la responsabilidad del producto, incluyendo las fases post industrial y post consumo, considerando las etapas de recolecci\u00f3n de sus residuos, transporte, acondicionamiento y valorizaci\u00f3n, de forma ambientalmente adecuada<\/p>\n\n\n\n<p><strong>\u00bfQu\u00e9 es la responsabilidad compartida?<\/strong><\/p>\n\n\n\n<p>La gesti\u00f3n integral de los neum\u00e1ticos es una corresponsabilidad social, requiere la participaci\u00f3n conjunta, coordinada y diferenciada de productores y su cadena comercial, generadores de NFU, operadores de NFU y municipalidades.<\/p>\n\n\n\n<p>La valorizaci\u00f3n constituye la alternativa de gesti\u00f3n y manejo que debe priorizarse frente a la disposici\u00f3n final de los residuos.<\/p>\n\n\n\n<p><strong>\u00bfQu\u00e9 es Econom\u00eda circular?<\/strong><\/p>\n\n\n\n<p>Cambio de modelo de la gesti\u00f3n actual de residuos (en nuestro caso los neum\u00e1ticos), que tiene un car\u00e1cter lineal, a un modelo de producci\u00f3n y consumo que&nbsp;<strong>reemplazan el concepto de \u2018fin de vida \u00fatil\u2019<\/strong>&nbsp;por reducir, alternativamente reutilizar, reciclar y recuperar materiales en los procesos de producci\u00f3n \/ distribuci\u00f3n y consumo, todas las veces que sea posible para crear un valor a\u00f1adido. De esta forma, el ciclo de vida de los productos se extiende.<\/p>\n\n\n\n<p><strong>\u00bfA qui\u00e9nes aplica el R\u00e9gimen de Gesti\u00f3n y Manejo de NFU?<\/strong><\/p>\n\n\n\n<p>A toda persona natural o jur\u00eddica, entidad p\u00fablica o privada, que participe como:<\/p>\n\n\n\n<ul class=\"wp-block-list\">\n<li><strong>Generador<\/strong><\/li>\n<\/ul>\n\n\n\n<p>Aqu\u00e9l que utiliza neum\u00e1ticos y genera residuos a partir de ellos, como consecuencia de sus actividades dom\u00e9sticas, industriales, comerciales, de servicios, administrativos o profesionales.<\/p>\n\n\n\n<ul class=\"wp-block-list\">\n<li><strong>Productor<\/strong><\/li>\n<\/ul>\n\n\n\n<p>Aquel que realiza actividades vinculadas a los neum\u00e1ticos con fines comerciales, sea como fabricante o importador e incorpora los neum\u00e1ticos por primera vez en el mercado local. Se incluye tambi\u00e9n a los fabricantes o importadores que incorporan por primera vez en el mercado veh\u00edculos motorizados nuevos o usados, equipados con neum\u00e1ticos bajo el \u00e1mbito de aplicaci\u00f3n de la norma.<\/p>\n\n\n\n<ul class=\"wp-block-list\">\n<li><strong>Distribuidor \/ Comercializador<\/strong><\/li>\n<\/ul>\n\n\n\n<p>Persona natural o jur\u00eddica distinta del productor que, con fines comerciales, realiza la distribuci\u00f3n mayorista o minorista de neum\u00e1ticos o los vende a otra persona natural o jur\u00eddica. En caso de que el distribuidor y comercializador de NFU realice la fabricaci\u00f3n o importaci\u00f3n de neum\u00e1ticos, \u00e9ste se constituye como un productor.<\/p>\n\n\n\n<ul class=\"wp-block-list\">\n<li><strong>Operador de NFU<\/strong><\/li>\n<\/ul>\n\n\n\n<p>Persona jur\u00eddica que se encuentra inscrita en el registro autoritativo de Empresas Operadoras de Residuos S\u00f3lidos (EO-RS) administrado por el Ministerio del Ambiente (MINAM) y autorizada para realizar la valorizaci\u00f3n, recolecci\u00f3n, transporte o acondicionamiento de NFU.<\/p>\n\n\n\n<p><strong>\u00bfQu\u00e9 son los sistemas de Gesti\u00f3n y Manejo de NFU?<\/strong><\/p>\n\n\n\n<p>Son sistemas individuales o colectivos cuya principal finalidad es asegurar el manejo adecuado de los NFU, bajo los principios de responsabilidad compartida y responsabilidad extendida del productor (REP); cuyo fin es organizar, administrar y garantizar el funcionamiento del sistema; as\u00ed como formular, presentar, implementar y actualizar el Plan de Manejo de NFU, aprobado por el MINAM.<\/p>\n\n\n\n<p>Los sistemas de gesti\u00f3n y manejo de NFU deben Brindar facilidades para la entrega de NFU por parte de los generadores, mediante mecanismos propios o asociados a los distribuidores y comercializadores que forman parte de su cadena de distribuci\u00f3n y comercializaci\u00f3n; as\u00ed como garantizar la entrega de los NFU a una actividad econ\u00f3mica o un operador de residuos s\u00f3lidos, seg\u00fan corresponda.&nbsp;<\/p>\n\n\n\n<p><strong>\u00bfCu\u00e1les son las principales responsabilidades aplicables a los generadores de NFU?<\/strong><\/p>\n\n\n\n<ul class=\"wp-block-list\">\n<li>Minimizar, segregar y almacenar los NFU dentro de sus instalaciones, de acuerdo con su Plan de Minimizaci\u00f3n y Manejo de Residuos S\u00f3lidos no Municipales, los cuales deben estar en concordancia con el Plan de Manejo de NFU del productor proveedor de neum\u00e1ticos.<\/li>\n\n\n\n<li>Entregar los NFU de manera directa a los sistemas de manejo de NFU individual o colectivo; o en forma indirecta a trav\u00e9s de los operadores de NFU encargados y autorizados por los sistemas de gesti\u00f3n y manejo de NFU.<\/li>\n<\/ul>\n\n\n\n<p><strong>\u00bfCu\u00e1les son las principales obligaciones aplicables a los productores de NFU?<\/strong><\/p>\n\n\n\n<ul class=\"wp-block-list\">\n<li>Dise\u00f1ar, implementar y administrar sistemas de manejo de los NFU, de forma individual y\/o colectiva.<\/li>\n\n\n\n<li>Presentar un Plan de Manejo de NFU al MINAM y cumplir con los compromisos asumidos en \u00e9l.<\/li>\n\n\n\n<li>Informar directamente a sus clientes, distribuidores y comercializadores sobre la forma adecuada de gesti\u00f3n y manejo de los NFU.<\/li>\n\n\n\n<li>Garantizar la gesti\u00f3n y manejo adecuado de los NFU hasta su valorizaci\u00f3n material y\/o energ\u00e9tica, en actividades econ\u00f3micas debidamente autorizadas.<\/li>\n<\/ul>\n\n\n\n<p><strong>\u00bfCu\u00e1les son las principales obligaciones aplicables a los distribuidores y comercializadores de neum\u00e1ticos?<\/strong><\/p>\n\n\n\n<ul class=\"wp-block-list\">\n<li>Establecer de manera gratuita puntos de acopio de NFU, en coordinaci\u00f3n con los sistemas de manejo y gesti\u00f3n de NFU.<\/li>\n\n\n\n<li>Entregar los NFU acopiados y almacenados temporalmente en sus puntos de distribuci\u00f3n o comercializaci\u00f3n a los sistemas de manejo de NFU autorizados por el MINAM.<\/li>\n\n\n\n<li>Difundir y sensibilizar a sus clientes sobre el adecuado manejo y entrega de NFU en puntos de acopio propios o de los sistemas de manejo de NFU.<\/li>\n<\/ul>\n\n\n\n<p><strong>\u00bfCu\u00e1les son las principales prohibiciones con respecto a los NFU?<\/strong><\/p>\n\n\n\n<ul class=\"wp-block-list\">\n<li>El abandono y\/o entierro de NFU en todo el territorio nacional, ya sea en espacios p\u00fablicos o privados.<\/li>\n\n\n\n<li>La quema de NFU.<\/li>\n\n\n\n<li>El uso de NFU como combustible, sin cumplir la normativa de emisiones correspondiente.<\/li>\n<\/ul>\n\n\n\n<p>&nbsp;<strong>\u00bfC\u00f3mo podemos evitar que se generen tantos NFU?<\/strong><\/p>\n\n\n\n<p>Una opci\u00f3n para evitar que se generen tantos Neum\u00e1ticos Fuera de Uso es el reencauche de llantas. El reencauche es el proceso a trav\u00e9s del cual se reemplaza, mediante t\u00e9cnicas de calor y presi\u00f3n, la banda de rodamiento desgastada de una llanta, por una banda nueva, extendiendo as\u00ed su vida \u00fatil y evitando que sea desechada.<\/p>\n\n\n\n<p><\/p>\n\n\n\n<p>&nbsp;<strong>Ay\u00fadanos a cuidar el planeta<\/strong><\/p>\n\n\n\n<p>Trae tus llantas gastadas y nosotros nos encargaremos de su disposici\u00f3n final teniendo en cuenta las condiciones ideales para el cuidado del medio ambiente y la salud humana.<\/p>\n\n\n\n<p><strong>\u00bfPor qu\u00e9 es importante reciclar llantas?<\/strong><\/p>\n\n\n\n<p>Es importante porque un neum\u00e1tico fuera de uso&nbsp;abandonado&nbsp;en la naturaleza&nbsp;tarda 1.000 a\u00f1os en desaparecer y muchas personas optan por quemar llantas, lo que genera gases t\u00f3xicos que son muy da\u00f1inos para la salud humana y el medio ambiente.<\/p>\n\n\n\n<p><strong>\u00bfQu\u00e9 llantas puedo entregar?<\/strong><\/p>\n\n\n\n<p>Puedes entregar llantas gastadas de auto, camioneta, cami\u00f3n, agr\u00edcolas y mineras. Quedan excluidos los neum\u00e1ticos s\u00f3lidos y los neum\u00e1ticos para bicicleta, motocicleta y sillas de rueda, o cualquier neum\u00e1tico similar a los antes mencionados.<\/p>\n\n\n\n<p><strong>\u00bfD\u00f3nde puedo entregar las llantas?<\/strong><\/p>\n\n\n\n<p>Puedes entregar las llantas completamente gratis en nuestros Centros de Acopio Autorizados. Puntos de acopio de NFU:<\/p>\n\n\n\n<p>Recuerda que puedes entregar tus neum\u00e1ticos fuera de uso, previa coordinaci\u00f3n, en los siguientes lugares:<\/p>\n\n\n\n<p>Prollantas Canad\u00e1 \u2013 Av. Canad\u00e1 1342 La Victoria \u2013 Recepci\u00f3n de llantas Categor\u00eda A<\/p>\n\n\n\n<p>Reencauchadora el Sol \u2013 Av. Nicol\u00e1s Arriola 3192 San Luis \u2013 Recepci\u00f3n de llantas Categor\u00eda A y B<\/p>\n\n\n\n<p>Prollantas Aviaci\u00f3n \u2013 Av. Aviaci\u00f3n 4685 Santiago de Surco \u2013 Recepci\u00f3n de llantas Categor\u00eda A<\/p>\n\n\n\n<p><\/p>\n","protected":false},"excerpt":{"rendered":"<p>\u00bfQu\u00e9 es un Neum\u00e1tico Fuera de Uso (NFU)? Es aquel neum\u00e1tico del cual su generador (usuario que puede ser persona natural o jur\u00eddica seg\u00fan su actividad) se desprende o tiene [&hellip;]<\/p>\n","protected":false},"author":5,"featured_media":0,"parent":0,"menu_order":0,"comment_status":"closed","ping_status":"closed","template":"","meta":{"footnotes":""},"class_list":["post-2835","page","type-page","status-publish","hentry"],"yoast_head":"<!-- This site is optimized with the Yoast SEO plugin v27.3 - https:\/\/yoast.com\/product\/yoast-seo-wordpress\/ -->\n<title>Neum\u00e1ticos Fuera de Uso - Reencauchadora el Sol - Reencauche de llantas con Calidad ISO 9001<\/title>\n<meta name=\"description\" content=\"Contamos con Garant\u00eda ISO 9001 en el servicio de Reparaci\u00f3n y Reencauche de llantas hasta aro de 63&quot;. M\u00e1s de 70 a\u00f1os de experiencia nos respaldan.\" \/>\n<meta name=\"robots\" content=\"index, follow, max-snippet:-1, max-image-preview:large, max-video-preview:-1\" \/>\n<link rel=\"canonical\" href=\"https:\/\/reencauchadoraelsol.com\/?page_id=2835\" \/>\n<meta property=\"og:locale\" content=\"es_ES\" \/>\n<meta property=\"og:type\" content=\"article\" \/>\n<meta property=\"og:title\" content=\"Neum\u00e1ticos Fuera de Uso - Reencauchadora el Sol - Reencauche de llantas con Calidad ISO 9001\" \/>\n<meta property=\"og:description\" content=\"Contamos con Garant\u00eda ISO 9001 en el servicio de Reparaci\u00f3n y Reencauche de llantas hasta aro de 63&quot;. M\u00e1s de 70 a\u00f1os de experiencia nos respaldan.\" \/>\n<meta property=\"og:url\" content=\"https:\/\/reencauchadoraelsol.com\/?page_id=2835\" \/>\n<meta property=\"og:site_name\" content=\"Reencauchadora el Sol - Reencauche de llantas con Calidad ISO 9001\" \/>\n<meta property=\"article:publisher\" content=\"https:\/\/www.facebook.com\/reencauchadoraelsol\" \/>\n<meta property=\"article:modified_time\" content=\"2024-11-12T16:01:41+00:00\" \/>\n<meta name=\"twitter:card\" content=\"summary_large_image\" \/>\n<meta name=\"twitter:label1\" content=\"Tiempo de lectura\" \/>\n\t<meta name=\"twitter:data1\" content=\"6 minutos\" \/>\n<script type=\"application\/ld+json\" class=\"yoast-schema-graph\">{\"@context\":\"https:\\\/\\\/schema.org\",\"@graph\":[{\"@type\":\"WebPage\",\"@id\":\"https:\\\/\\\/reencauchadoraelsol.com\\\/?page_id=2835\",\"url\":\"https:\\\/\\\/reencauchadoraelsol.com\\\/?page_id=2835\",\"name\":\"Neum\u00e1ticos Fuera de Uso - Reencauchadora el Sol - Reencauche de llantas con Calidad ISO 9001\",\"isPartOf\":{\"@id\":\"https:\\\/\\\/reencauchadoraelsol.com\\\/#website\"},\"datePublished\":\"2023-01-31T15:39:51+00:00\",\"dateModified\":\"2024-11-12T16:01:41+00:00\",\"description\":\"Contamos con Garant\u00eda ISO 9001 en el servicio de Reparaci\u00f3n y Reencauche de llantas hasta aro de 63\\\". M\u00e1s de 70 a\u00f1os de experiencia nos respaldan.\",\"breadcrumb\":{\"@id\":\"https:\\\/\\\/reencauchadoraelsol.com\\\/?page_id=2835#breadcrumb\"},\"inLanguage\":\"es\",\"potentialAction\":[{\"@type\":\"ReadAction\",\"target\":[\"https:\\\/\\\/reencauchadoraelsol.com\\\/?page_id=2835\"]}]},{\"@type\":\"BreadcrumbList\",\"@id\":\"https:\\\/\\\/reencauchadoraelsol.com\\\/?page_id=2835#breadcrumb\",\"itemListElement\":[{\"@type\":\"ListItem\",\"position\":1,\"name\":\"Portada\",\"item\":\"https:\\\/\\\/reencauchadoraelsol.com\\\/\"},{\"@type\":\"ListItem\",\"position\":2,\"name\":\"Neum\u00e1ticos Fuera de Uso\"}]},{\"@type\":\"WebSite\",\"@id\":\"https:\\\/\\\/reencauchadoraelsol.com\\\/#website\",\"url\":\"https:\\\/\\\/reencauchadoraelsol.com\\\/\",\"name\":\"Reencauchadora el Sol - Reencauche de llantas con Calidad ISO 9001\",\"description\":\"Servicio de reparaci\u00f3n y reencauche de llantas con garant\u00eda ISO 9001\",\"publisher\":{\"@id\":\"https:\\\/\\\/reencauchadoraelsol.com\\\/#organization\"},\"potentialAction\":[{\"@type\":\"SearchAction\",\"target\":{\"@type\":\"EntryPoint\",\"urlTemplate\":\"https:\\\/\\\/reencauchadoraelsol.com\\\/?s={search_term_string}\"},\"query-input\":{\"@type\":\"PropertyValueSpecification\",\"valueRequired\":true,\"valueName\":\"search_term_string\"}}],\"inLanguage\":\"es\"},{\"@type\":\"Organization\",\"@id\":\"https:\\\/\\\/reencauchadoraelsol.com\\\/#organization\",\"name\":\"Reencauchadora el Sol - Reencauche de llantas con Calidad ISO 9001\",\"url\":\"https:\\\/\\\/reencauchadoraelsol.com\\\/\",\"logo\":{\"@type\":\"ImageObject\",\"inLanguage\":\"es\",\"@id\":\"https:\\\/\\\/reencauchadoraelsol.com\\\/#\\\/schema\\\/logo\\\/image\\\/\",\"url\":\"https:\\\/\\\/reencauchadoraelsol.com\\\/wp-content\\\/uploads\\\/2024\\\/05\\\/cropped-logo-reencauchadora-1.jpg\",\"contentUrl\":\"https:\\\/\\\/reencauchadoraelsol.com\\\/wp-content\\\/uploads\\\/2024\\\/05\\\/cropped-logo-reencauchadora-1.jpg\",\"width\":500,\"height\":108,\"caption\":\"Reencauchadora el Sol - Reencauche de llantas con Calidad ISO 9001\"},\"image\":{\"@id\":\"https:\\\/\\\/reencauchadoraelsol.com\\\/#\\\/schema\\\/logo\\\/image\\\/\"},\"sameAs\":[\"https:\\\/\\\/www.facebook.com\\\/reencauchadoraelsol\"]}]}<\/script>\n<!-- \/ Yoast SEO plugin. -->","yoast_head_json":{"title":"Neum\u00e1ticos Fuera de Uso - Reencauchadora el Sol - Reencauche de llantas con Calidad ISO 9001","description":"Contamos con Garant\u00eda ISO 9001 en el servicio de Reparaci\u00f3n y Reencauche de llantas hasta aro de 63\". M\u00e1s de 70 a\u00f1os de experiencia nos respaldan.","robots":{"index":"index","follow":"follow","max-snippet":"max-snippet:-1","max-image-preview":"max-image-preview:large","max-video-preview":"max-video-preview:-1"},"canonical":"https:\/\/reencauchadoraelsol.com\/?page_id=2835","og_locale":"es_ES","og_type":"article","og_title":"Neum\u00e1ticos Fuera de Uso - Reencauchadora el Sol - Reencauche de llantas con Calidad ISO 9001","og_description":"Contamos con Garant\u00eda ISO 9001 en el servicio de Reparaci\u00f3n y Reencauche de llantas hasta aro de 63\". M\u00e1s de 70 a\u00f1os de experiencia nos respaldan.","og_url":"https:\/\/reencauchadoraelsol.com\/?page_id=2835","og_site_name":"Reencauchadora el Sol - Reencauche de llantas con Calidad ISO 9001","article_publisher":"https:\/\/www.facebook.com\/reencauchadoraelsol","article_modified_time":"2024-11-12T16:01:41+00:00","twitter_card":"summary_large_image","twitter_misc":{"Tiempo de lectura":"6 minutos"},"schema":{"@context":"https:\/\/schema.org","@graph":[{"@type":"WebPage","@id":"https:\/\/reencauchadoraelsol.com\/?page_id=2835","url":"https:\/\/reencauchadoraelsol.com\/?page_id=2835","name":"Neum\u00e1ticos Fuera de Uso - Reencauchadora el Sol - Reencauche de llantas con Calidad ISO 9001","isPartOf":{"@id":"https:\/\/reencauchadoraelsol.com\/#website"},"datePublished":"2023-01-31T15:39:51+00:00","dateModified":"2024-11-12T16:01:41+00:00","description":"Contamos con Garant\u00eda ISO 9001 en el servicio de Reparaci\u00f3n y Reencauche de llantas hasta aro de 63\". M\u00e1s de 70 a\u00f1os de experiencia nos respaldan.","breadcrumb":{"@id":"https:\/\/reencauchadoraelsol.com\/?page_id=2835#breadcrumb"},"inLanguage":"es","potentialAction":[{"@type":"ReadAction","target":["https:\/\/reencauchadoraelsol.com\/?page_id=2835"]}]},{"@type":"BreadcrumbList","@id":"https:\/\/reencauchadoraelsol.com\/?page_id=2835#breadcrumb","itemListElement":[{"@type":"ListItem","position":1,"name":"Portada","item":"https:\/\/reencauchadoraelsol.com\/"},{"@type":"ListItem","position":2,"name":"Neum\u00e1ticos Fuera de Uso"}]},{"@type":"WebSite","@id":"https:\/\/reencauchadoraelsol.com\/#website","url":"https:\/\/reencauchadoraelsol.com\/","name":"Reencauchadora el Sol - Reencauche de llantas con Calidad ISO 9001","description":"Servicio de reparaci\u00f3n y reencauche de llantas con garant\u00eda ISO 9001","publisher":{"@id":"https:\/\/reencauchadoraelsol.com\/#organization"},"potentialAction":[{"@type":"SearchAction","target":{"@type":"EntryPoint","urlTemplate":"https:\/\/reencauchadoraelsol.com\/?s={search_term_string}"},"query-input":{"@type":"PropertyValueSpecification","valueRequired":true,"valueName":"search_term_string"}}],"inLanguage":"es"},{"@type":"Organization","@id":"https:\/\/reencauchadoraelsol.com\/#organization","name":"Reencauchadora el Sol - Reencauche de llantas con Calidad ISO 9001","url":"https:\/\/reencauchadoraelsol.com\/","logo":{"@type":"ImageObject","inLanguage":"es","@id":"https:\/\/reencauchadoraelsol.com\/#\/schema\/logo\/image\/","url":"https:\/\/reencauchadoraelsol.com\/wp-content\/uploads\/2024\/05\/cropped-logo-reencauchadora-1.jpg","contentUrl":"https:\/\/reencauchadoraelsol.com\/wp-content\/uploads\/2024\/05\/cropped-logo-reencauchadora-1.jpg","width":500,"height":108,"caption":"Reencauchadora el Sol - Reencauche de llantas con Calidad ISO 9001"},"image":{"@id":"https:\/\/reencauchadoraelsol.com\/#\/schema\/logo\/image\/"},"sameAs":["https:\/\/www.facebook.com\/reencauchadoraelsol"]}]}},"_links":{"self":[{"href":"https:\/\/reencauchadoraelsol.com\/index.php?rest_route=\/wp\/v2\/pages\/2835","targetHints":{"allow":["GET"]}}],"collection":[{"href":"https:\/\/reencauchadoraelsol.com\/index.php?rest_route=\/wp\/v2\/pages"}],"about":[{"href":"https:\/\/reencauchadoraelsol.com\/index.php?rest_route=\/wp\/v2\/types\/page"}],"author":[{"embeddable":true,"href":"https:\/\/reencauchadoraelsol.com\/index.php?rest_route=\/wp\/v2\/users\/5"}],"replies":[{"embeddable":true,"href":"https:\/\/reencauchadoraelsol.com\/index.php?rest_route=%2Fwp%2Fv2%2Fcomments&post=2835"}],"version-history":[{"count":0,"href":"https:\/\/reencauchadoraelsol.com\/index.php?rest_route=\/wp\/v2\/pages\/2835\/revisions"}],"wp:attachment":[{"href":"https:\/\/reencauchadoraelsol.com\/index.php?rest_route=%2Fwp%2Fv2%2Fmedia&parent=2835"}],"curies":[{"name":"wp","href":"https:\/\/api.w.org\/{rel}","templated":true}]}}